*i - 22. List the prime factors of x.
7
Suppose -4*k = k - 3*x - 16, 0 = -k - 2*x + 11. What are the prime factors of k?
5
Let r = 5 + -9. Let y be (1 - r)*(-1 + 2). Suppose 0 = -4*n + 11 + y. What are the prime factors of n?
2
Suppose 7*k - 3*k + 12 = 0. List the prime factors of 0 + k*(-5 + -1).
2, 3
Let p(y) = -y**2 + y + 9. Let c = -4 + 4. Let r be c/((-5 + 3)/2). List the prime factors of p(r).
3
Let m(o) = 5*o**2 - 4*o - 1. Let x be m(-3). Suppose -17 = 3*u - x. List the prime factors of u.
13
Let v = -13 - -83. List the prime factors of v.
2, 5, 7
Let v = -15 - -21. Let t be 2/v*(-1 + 52). Let c = t - 8. What are the prime factors of c?
3
Let f be 4/10 + 336/(-15). Let v = f + 31. List the prime factors of v.
3
Suppose -32 = -5*c + 4*k, 6 - 16 = -c + 2*k. Let o be (-1)/c + (-206)/8. What are the prime factors of o/(-10) + 4/10?
3
Let x = 335 - 152. List the prime factors of x.
3, 61
Let i(w) = 15*w**2 - 2. Let b be i(2). Let n = b - 38. List the prime factors of n.
2, 5
Suppose -7*c + 9*c - 190 = 0. What are the prime factors of c?
5, 19
Let q = 97 + 132. What are the prime factors of q?
229
Let c = 166 - 37. What are the prime factors of c?
3, 43
Let p(o) = 346*o - 4. List the prime factors of p(1).
2, 3, 19
What are the prime factors of 2/(-8) + (-3036)/(-48)?
3, 7
Suppose 3*t + 36 = 7*t. What are the prime factors of 4/(3/t*1)?
2, 3
Suppose 0 = 2*b - 3*n + 100, -b - 48 = -n - 0*n. Let f = b + 74. List the prime factors of f.
2, 3, 5
Suppose 3*r = -0*r + 18. Suppose i - 9 = c - r*c, -4*c - i + 7 = 0. List the prime factors of c.
2
Suppose -4*o + 100 = o. Let m = o - 9. List the prime factors of m.
11
Let i = -34 + -18. Let f = 104 + i. What are the prime factors of f?
2, 13
Suppose 4*n + 1 = 5. Suppose -4*h - 3 - n = 0. What are the prime factors of (-7 + 1)/h + -1?
5
Let g(q) = 2*q + 2. Let s be g(-4). Let c = s + 10. List the prime factors of c.
2
Let k(m) = m**2 - 5*m - 2. Let y(t) = t**3 - 4*t**2 + 2*t - 2. Let l = 7 - 3. Let a be y(l). List the prime factors of k(a).
2
Let d be 6/(-24) - 17/(-4). Suppose -3*c + 2*f - 33 = -d, c = -4*f - 5. List the prime factors of (-4)/(-18) - 97/c.
11
Let w(q) = -q**3 - 2*q**2 - 2*q + 12. List the prime factors of w(-6).
2, 3, 7
Suppose r - 119 = -0*r. List the prime factors of r.
7, 17
Let d = -13 - -31. Suppose -y = 2*y - d. What are the prime factors of y?
2, 3
Suppose 5*q + 10 = 0, 0 = z - 0*z + 4*q + 8. Let d be 2 + z + 6/1. Let u = d - 4. What are the prime factors of u?
2
Suppose -5*y = 1 + 4. What are the prime factors of 18*(y/3 + 1)?
2, 3
Suppose 3*p - 9 = -0*p. Suppose 0 = -p*z + z + 62. List the prime factors of z.
31
Suppose -5*w + 89 = -46. What are the prime factors of 2/8 + w/4?
7
Suppose 6*h = 3*h + 264. List the prime factors of h.
2, 11
Let m = 4 - 4. Let u be -3*(m + -1 - 0). Suppose 5*j - 5*i - 35 = 0, 0 = i - u + 8. List the prime factors of j.
2
Suppose -3*t - 69 = o + 2*o, -3*t + 61 = -2*o. Let d = -17 - o. What are the prime factors of d?
3
Let m(x) = -9*x - 1. Let t be m(4). Let j = 52 + t. What are the prime factors of j?
3, 5
Let v(j) = 2*j - 2. Let l(z) = 3*z - 2. Let c(d) = -5*l(d) + 6*v(d). Let q be c(2). What are the prime factors of (-214)/(-14) + q/28?
3, 5
What are the prime factors of 63 - 4*(-1)/1?
67
Suppose 4*i - 2*r = -8 + 24, -4 = -2*i - r. Suppose -3*v - i*v = -234. List the prime factors of v.
3, 13
Suppose 0*j + j = 0. Suppose j*r - 8 = -2*r, 3*p - 6 = 3*r. List the prime factors of p.
2, 3
Let s be 6/27 - 25/(-9). Suppose 14 = 2*p + 2*g, 0*p - 3*g - 3 = -s*p. What are the prime factors of p?
2
Let x(h) = -3*h + 2. Let i be x(-2). Suppose -2 = -2*u + i. What are the prime factors of u?
5
Let q = -10 - -13. Suppose q*u = 3*n + 69, 17 = -u + 2*u + 2*n. What are the prime factors of u?
3, 7
Let m(y) = y**3 + 5*y**2 - 8*y - 4. Suppose -3*x = 4*a - 4*x, 0 = -3*a + 3*x. Suppose 18 = -a*t - 3*t. What are the prime factors of m(t)?
2
Suppose 7*q + 204 = 10*q. Suppose 0 = 5*t - t - q. List the prime factors of t.
17
Suppose 5*j = -4*a + 3*a, 0 = -4*j + 2*a. Let p be (-1)/1*j/(-4). Suppose -5*k - 5 = p, 17 - 51 = -3*g - 2*k. What are the prime factors of g?
2, 3
Let i(z) = z - 1. Let d be (0 - -1) + (1 - 0). Suppose d*u = m + 13, -6 = u + 3*m - m. What are the prime factors of i(u)?
3
Suppose -5*a = -a - 80. Let w = 23 + -35. Let t = a + w. List the prime factors of t.
2
Let l = -15 + 18. Suppose 0 = -w + o, l*w - 6*o + 4*o - 3 = 0. List the prime factors of w.
3
Suppose 5*u + 2*y - 15 = 23, 3*y = u + 6. Suppose 2*x + 192 = u*x. List the prime factors of x.
2, 3
Let n(r) = -13*r - 5. What are the prime factors of n(-12)?
151
Let b(j) = j + 7. What are the prime factors of b(-3)?
2
List the prime factors of 261/174 - ((-518)/4 - 0).
131
Suppose 3*o = g + 295, 2*g = 4*g - 4. What are the prime factors of o?
3, 11
What are the prime factors of 10/45 - 212/(-18)?
2, 3
Let a = -3 + -53. Let u = a - -79. List the prime factors of u.
23
Let k(j) = 9*j**2 - 2*j + 1. Let c = 1 + 1. Suppose 0 = c*h + h - 3. What are the prime factors of k(h)?
2
Suppose 0 = 3*d - 3 - 3. What are the prime factors of d?
2
Suppose 0 = -5*c + 9 - 4. List the prime factors of 11 + (c - 0)/(-1).
2, 5
Let f be (-12)/28 + (-31)/(-7). Suppose v + f = -26. Let m = v - -51. What are the prime factors of m?
3, 7
Suppose 4*q - 161 + 33 = 0. What are the prime factors of q?
2
Let w be ((-24)/4)/((-3)/(-2)). Let p = w + 6. What are the prime factors of p?
2
Suppose d = -4*g + 1, -5*g - 5 = -5*d - 0. Suppose 4*p - p - 30 = g. What are the prime factors of p?
2, 5
Suppose 3*q = 9*q - 918. List the prime factors of q.
3, 17
Suppose 0 = 3*a - k - 125 + 32, 3*a - 3*k - 99 = 0. List the prime factors of a.
2, 3, 5
Suppose -l = 4*l - 255. What are the prime factors of l?
3, 17
Suppose 0 = 6*s + s - 2156. What are the prime factors of s?
2, 7, 11
Suppose 0 = -4*f + x + 29, 3*f - 2*x - 33 = -5*x. What are the prime factors of f?
2
Let o(g) = 24*g**2 + 5*g - 4. What are the prime factors of o(1)?
5
Suppose 0 = -n + 2 + 5. Let t = n - 3. Suppose t*m = 46 - 10. What are the prime factors of m?
3
Let w = 609 - 302. List the prime factors of w.
307
Let o = 2 + 1. Suppose -20 = -7*c + o*c. Suppose 0 = 2*h - 3*q - 28, 5*h = -c*q - 12 + 57. List the prime factors of h.
11
Suppose -2*r - 3*r = -330. What are the prime factors of r?
2, 3, 11
Let z be (-10)/6 + (-6)/(-9). Let d = z - -2. What are the prime factors of -1*d + 12 + 1?
2, 3
What are the prime factors of 1/((-1)/(-58)) + -3?
5, 11
Let w(v) = -v**2 + 8*v + 2. Let i be w(6). Let u = -8 + i. What are the prime factors of u?
2, 3
Let v = 19 - -1. Let a = v + -14. List the prime factors of a.
2, 3
Let b be (-18)/(-8)*(-32)/(-12). Suppose x = -y + 12, -b*x + 3*x - 42 = -3*y. List the prime factors of y.
13
Suppose 14 = 2*h - 12. Let v = 11 + -7. Let n = h - v. List the prime factors of n.
3
Suppose 0 = -s - 0 + 3. Suppose 4*q = -20, o + s*o - 157 = q. List the prime factors of o.
2, 19
Suppose 0*r = -6*r + 258. List the prime factors of r.
43
Let b(f) be the second derivative of f**3/2 + f**2 + 4*f. Let x be b(6). Suppose -u = s - 16, -2*s + x = -u - 0*u. What are the prime factors of s?
2, 3
Suppose 8 + 12 = 5*a. Suppose 3*w - 3 = 0, 4*y + 2*w = 1 + 1. Suppose 3*k + 4 = 2*l - 4, -a*l - 4*k + 56 = y. List the prime factors of l.
2, 5
Let i(s) = s**3 + 6*s**2 - 6*s + 7. Let a be i(-7). What are the prime factors of 1*(a - 1 - -14)?
13
Suppose -15*i + 6*i = -234. What are the prime factors of i?
2, 13
Let q be (-12)/7 + (-6)/21. What are the prime factors of q/12 - (-726)/36?
2, 5
Let n(c) = c**3 + 8*c**2 + 7*c - 2. Let l be n(-6). Let g = 13 + -11. Suppose g*y = -2*y + 16, 0 = -m - 4*y + l. What are the prime factors of m?
2, 3
Let j = -9 + 11. List the prime factors of j*-3*(-2)/2.
2, 3
Suppose 0*k + 6 = 3*a - 2*k, -6 = 2*k. Let d(q) = q**2 - q + 11. List the prime factors of d(a).
11
Let f = -20 + 39. Suppose -l = -f + 7. Suppose -4*o = -7*o + l. List the prime factors of o.
2
Let f = -44 + 77. What are the prime factors of f + 0/(-6 + 3)?
3, 11
Let c = 7 - 4. Suppose c*h = h. Suppose -5*z + 34 + 1 = h. List the prime factors of z.
7
Suppose 107 + 299 = 2*v. What are the prime factors of v?
7, 29
Let a = -60 + 131. What are the prime factors of a?
71
Suppose 1